 What is the units digit of y?
3
Let i(m) = m**3 - 2*m**2 + 2*m - 1. Let p be (10/(-2) - 0)*-1. Suppose -8 - 2 = -p*c. What is the units digit of i(c)?
3
Let a = 28 + -8. Suppose 4*p - 2*q = a, -p + 3 = -4*p - 3*q. What is the units digit of 30*p/18*3?
5
Suppose -5*w = -10 - 0. Let f(o) = w*o**2 + 3*o**2 + 1 - 7*o - 6*o**2. What is the units digit of f(-7)?
1
Suppose -2*l + 25 = -l. What is the units digit of l?
5
Suppose -58 - 185 = -3*v. What is the units digit of v?
1
Suppose 2*b - 47 = b. What is the tens digit of b?
4
Suppose 0*x + 4*x + 8 = 0. What is the units digit of (1/x)/(6/(-108))?
9
Suppose -2*g - 12 - 16 = 0. Suppose f = 9 + 15. Let l = g + f. What is the units digit of l?
0
Suppose 2*o + 2*o = -28. Let j = o + 8. Let h = j - -11. What is the tens digit of h?
1
Let s = 7 + -3. Suppose s*m = j, 4 = 5*j - 3*m + 21. Let f(n) = -n**2 - 4*n + 4. What is the units digit of f(j)?
4
Suppose 2 = o - 3*w, 2*o = -2*o + 4*w - 8. Let f(l) = -l**2 - 5*l. What is the units digit of f(o)?
4
Suppose 0 = -h + 3*r + 66, 0 = -r + 5 - 3. What is the units digit of h?
2
Suppose 3*v - 58 - 92 = 0. Suppose -2*o - 44 = -4*o - z, -2*o + v = 4*z. What is the tens digit of o?
2
Suppose -3*m - 4 = 14. Let h be 2/(m/555) + 1. What is the units digit of h/(-10) + 10/(-25)?
8
Suppose -3*g - 4*c = -7*c - 108, 3*c - 48 = -g. What is the tens digit of g?
3
Suppose -3*a + 11 = 2. Suppose 2*b + 0*b = 3*o + 7, -a*b = -3*o - 12. Suppose 0 = -3*t - 0*t + h, 0 = t + b*h - 16. What is the units digit of t?
1
Let c(y) = 10*y**3 + 2*y**2 + 3*y + 1. Let k(i) = 3*i**3 + i**2 + i. Let g(f) = 2*c(f) - 7*k(f). Let a be 3*(-2)/(-6) - 4. What is the units digit of g(a)?
5
Let f(b) = 2*b**2 - 16*b + 10. What is the tens digit of f(12)?
0
Let b be 27/(((-9)/(-6))/3). Let g = -38 + b. What is the units digit of (-22)/(-8) + 4/g?
3
Let v(c) be the third derivative of 0*c - 1/3*c**4 + 1/120*c**6 + 0 - 2/15*c**5 - 1/2*c**3 + 3*c**2. What is the units digit of v(9)?
6
Suppose 2*k = -4*t + 16, 8*t = k + 4*t + 22. What is the tens digit of (37/k)/(4/(-8))?
3
Let g = -4 + 9. Suppose 3*u - 3*d - 31 = -2*u, g*d = 5*u - 35. Suppose u*w - 5*x = 40, 2*x - x - 18 = -w. What is the units digit of w?
3
Suppose -p + 16 = 3*p. Let u(r) = -r**2 + 3*r + 5. What is the units digit of u(p)?
1
Let y be 9/2*(-8)/(-6). Suppose 0 = -3*t + 3*b - y, -b + 1 = t - 1. Suppose 0 = x + w - 18, t = w + 4*w. What is the tens digit of x?
1
Let g(u) = u**2 + 2*u. What is the tens digit of g(-6)?
2
Let d be (-76)/(-28) + 2/7. Suppose 2 = -d*s + 5*s. Suppose 0 = -2*o + 7 - s. What is the units digit of o?
3
Suppose -5*k = u + 15 + 2, k + 4 = 0. Suppose -5*h + u*l + 135 = -2*l, -2*l = 8. Suppose -3*z - 2 = -h. What is the units digit of z?
7
Let r = 9 + -15. Let u = 6 + r. Suppose u = p - 0*p - 6. What is the units digit of p?
6
What is the units digit of (285/20)/((-6)/(-16))?
8
Let h(a) = -a**3 + 4*a**2 - 3*a + 3. Let w(m) = m. Let l be w(2). What is the units digit of h(l)?
5
Let d be 3/(2*(-6)/16). Let f = d + 16. What is the tens digit of f?
1
Let g(v) = -6*v**3 - v**2 + 1. Let k be g(-1). Suppose -3*i + k - 3 = 0. What is the units digit of i?
1
Suppose -2*u + 5*u = 12. Let s(i) = i**3 - 3*i**2 - i - 1. What is the units digit of s(u)?
1
Suppose 4*m = 89 + 11. What is the units digit of m?
5
Let d = 25 + -14. Suppose -2*i + v + d = 0, 0 = -4*v + 8 - 28. What is the units digit of i?
3
Suppose 4*w - 650 = -6*w. What is the tens digit of w?
6
Let m(j) = -j**2 - 7*j - 7. Let u be m(-7). Let h(p) = p**3 + 6*p**2 - 4*p - 1. Let b be h(u). Let z = -14 - b. What is the units digit of z?
8
Let i = -280 + 437. What is the units digit of i?
7
Let f = -8 - -6. What is the units digit of ((-21)/(-6))/(f/(-4))?
7
Suppose 4*m - 5 - 7 = 0. Let r be -5 - -2 - 1*-16. Suppose h = o - r, -49 = -3*o + m*h - 2*h. What is the tens digit of o?
1
Let w = -3 + -1. Let n(q) = q**3 + 3*q**2 - 6*q - 6. Let v be n(w). What is the units digit of -1*v/4*-2?
1
Let w(u) = 14*u - 4. What is the tens digit of w(8)?
0
Let x be 14/18 + (-12)/(-54). Let d = 0 + x. What is the units digit of d?
1
Suppose 0*h + h - 36 = 4*l, 2*l = h - 28. What is the tens digit of h?
2
Let x = 408 + -232. What is the hundreds digit of x?
1
Let s(t) = -t**2 - t + 1. Let h(c) = -5*c**2 - 11*c - 1. Let b(q) = h(q) - 4*s(q). Let a be b(-6). Suppose 0*l - a = -l. What is the units digit of l?
1
Let y(v) = -v**3 - 12*v**2 + 10*v - 15. Let l be y(-13). Let n = 39 - l. What is the tens digit of n?
1
Let w = 7 + -2. Let s(v) = v**2 - 6*v + 6. Let r be s(w). What is the units digit of (2 + (-3)/r)*-7?
7
Suppose 5*i = -4*t - 58, 2*t + 0*i = 3*i - 18. Suppose -4 + 29 = -5*j. Let c = j - t. What is the units digit of c?
7
Suppose 2*f + g = 4, -5*f + 32 = -4*g + 9. What is the units digit of f?
3
What is the tens digit of ((-480)/15)/(2/(-16))?
5
Let s(k) = k**3 - 17*k**2 - 27*k - 10. What is the hundreds digit of s(19)?
1
Let x = 28 - 19. What is the tens digit of (-16)/72 - (-119)/x?
1
Let h = 11 + -6. Let a = h - 11. Let w = a + 10. What is the units digit of w?
4
Suppose -9 = -5*k + 2*k. What is the units digit of k/1*1/3?
1
Suppose -142 = -5*i - 27. What is the units digit of i?
3
Let t be 38/(-6) - 4/(-12). Let a = 9 + t. What is the units digit of a?
3
Let p(a) be the first derivative of a**4/4 - 10*a**3/3 + 5*a**2 - 8*a - 3. Suppose 2*h - 27 = -h. What is the units digit of p(h)?
1
Let j(m) be the second derivative of m**5/20 - m**4/3 - m**3/2 - 3*m**2 - 4*m. Let z be j(5). Suppose -z*y + 3*y = -17. What is the units digit of y?
7
Suppose -z + 15 = -3*r, 2*z - 33 = 3*r + 6. Let a be (z/15)/((-2)/(-5)). Suppose -4*w - 6 = -2*o, w + a*w + 4 = 2*o. What is the units digit of o?
7
Let n = 7 + 5. Suppose -6 = 5*z + 5*q + 9, 0 = -4*z + 3*q - n. Let s = z - -7. What is the units digit of s?
4
Let s = -14 - -57. What is the tens digit of s?
4
Let u(q) = -q**2 - 7*q - 6. Suppose 0 = -o + 5, t + 7 = 2*o - 0. Suppose 2*d - d - 5 = 0, 4*c + 1 = -t*d. What is the units digit of u(c)?
6
Suppose 2*d + 10 = -26. Let f = 42 + d. Suppose -f = -c - 2*c. What is the units digit of c?
8
Suppose 13*s - 2285 = -517. What is the tens digit of s?
3
Let g(s) = s**3 - 4*s. Let k be g(3). Let v = 28 - k. What is the units digit of v?
3
Let u(z) = -z**2 + 20*z + 14. What is the units digit of u(6)?
8
Let t(y) = 7*y**2 + y. Let i be t(1). Let p(a) = 3*a - 62. Let j(q) = q - 21. Let c(m) = 8*j(m) - 3*p(m). What is the tens digit of c(i)?
1
Let v be 2/9 - 590/(-18). Let r = -19 + v. What is the units digit of r?
4
Let a(h) = -h**2 + 8*h - 2. Let c be a(7). Suppose 4*u - 44 - 89 = -c*w, 3*w - 77 = -u. What is the units digit of w?
5
Let y(o) = -o**3 - 4*o**2 + 4*o + 7. What is the tens digit of y(-5)?
1
Let m(k) = -k**2 - 12*k - 11. Let n be m(-11). Suppose n = 6*d - d. Suppose 0 = -4*f - d*f + 48. What is the tens digit of f?
1
Let t(x) be the second derivative of -x**4/12 + x**3/2 - 13*x**2/2 - x. Let f(z) = z + 1. Let l(c) = 6*f(c) + t(c). What is the units digit of l(7)?
7
Let z(m) = m**2 - 2*m. Let l be z(-4). What is the units digit of l/(((-3)/2)/(-1))?
6
Let j be 2/(-3)*9/(-6). Let g be (-1 + 1/j)*1. Suppose 3*k - x - 16 = g, -4*k + 2*x = 5 - 23. What is the units digit of k?
7
Let v = -5 - -5. Let l(x) = -x**2 - x + 4. What is the units digit of l(v)?
4
Suppose 2*d + 2 = -2*h - 2*d, 0 = h - 3*d + 26. Let n be 4/(-2) - (-2)/(-1). Let r = n - h. What is the units digit of r?
7
Suppose 0 = -0*l + 4*l. Suppose 28 = 5*r - 4*u, -2*r - r + 4*u + 20 = l. Suppose 2*f + r*h = -8, 4*f - 32 = 4*h - 0*h. What is the units digit of f?
4
Let c(y) = 26*y**3 - 2*y**2 + 5*y - 4. What is the hundreds digit of c(2)?
2
Suppose -n + j + 107 = n, 3*n - 160 = 2*j. What is the tens digit of n?
5
Suppose 0 = a + 5, -2*a + 270 = -6*s + s. Let p = -32 - s. What is the units digit of p?
4
Suppose 0 = -l - 0*c + 3*c - 6, 4*c = -4*l + 40. What is the units digit of 2/(0 + l/9)?
3
Suppose 5*g = g + 24. Let q be g/(-27) - (-454)/18. Suppose 0 = 4*a - q - 19. What is the units digit of a?
1
Let t = 2 + 22. Let k be (t/30)/(2/55). Let r = k - 13. What is the units digit of r?
9
Suppose 5 = 3*p - 1. Suppose 0 = p*m - 1 - 9. What is the units digit of -5*(-1 + 0)/m?
1
Suppose 0*o = -3*r - 2*o + 18, -r + 4*o - 8 = 0. Let y be (-3)/(